 the thousands digit of 31070?
1
What is the tens digit of 14536?
3
What is the tens digit of 30054?
5
What is the hundreds digit of 451?
4
What is the tens digit of 994?
9
What is the thousands digit of 7480?
7
What is the hundreds digit of 671?
6
What is the tens digit of 616?
1
What is the tens digit of 304?
0
What is the hundreds digit of 3021?
0
What is the units digit of 192?
2
What is the hundreds digit of 5596?
5
What is the units digit of 6739?
9
What is the units digit of 873?
3
What is the tens digit of 3430?
3
What is the units digit of 353?
3
What is the thousands digit of 14459?
4
What is the hundreds digit of 1984?
9
What is the hundreds digit of 104671?
6
What is the units digit of 4986?
6
What is the tens digit of 534?
3
What is the tens digit of 28403?
0
What is the tens digit of 35211?
1
What is the hundreds digit of 969?
9
What is the hundreds digit of 22899?
8
What is the hundreds digit of 4815?
8
What is the thousands digit of 1633?
1
What is the ten thousands digit of 25604?
2
What is the thousands digit of 13604?
3
What is the tens digit of 28995?
9
What is the units digit of 768?
8
What is the thousands digit of 17211?
7
What is the tens digit of 3398?
9
What is the thousands digit of 7452?
7
What is the ten thousands digit of 39654?
3
What is the tens digit of 2677?
7
What is the thousands digit of 70941?
0
What is the units digit of 708?
8
What is the thousands digit of 9731?
9
What is the units digit of 2521?
1
What is the units digit of 6548?
8
What is the ten thousands digit of 12897?
1
What is the units digit of 1760?
0
What is the thousands digit of 3463?
3
What is the units digit of 2042?
2
What is the thousands digit of 93536?
3
What is the units digit of 37789?
9
What is the units digit of 472?
2
What is the tens digit of 357?
5
What is the units digit of 5238?
8
What is the tens digit of 49231?
3
What is the ten thousands digit of 27673?
2
What is the hundreds digit of 752?
7
What is the tens digit of 7809?
0
What is the thousands digit of 8462?
8
What is the thousands digit of 3172?
3
What is the tens digit of 1086?
8
What is the units digit of 2666?
6
What is the hundreds digit of 15686?
6
What is the units digit of 20374?
4
What is the tens digit of 5705?
0
What is the hundreds digit of 60964?
9
What is the units digit of 3826?
6
What is the ten thousands digit of 95105?
9
What is the ten thousands digit of 63129?
6
What is the units digit of 5035?
5
What is the tens digit of 6943?
4
What is the thousands digit of 12713?
2
What is the tens digit of 5870?
7
What is the tens digit of 189?
8
What is the tens digit of 9213?
1
What is the units digit of 1009?
9
What is the units digit of 1469?
9
What is the units digit of 3918?
8
What is the tens digit of 31043?
4
What is the hundreds digit of 82914?
9
What is the tens digit of 3136?
3
What is the ten thousands digit of 64333?
6
What is the thousands digit of 35050?
5
What is the units digit of 816?
6
What is the units digit of 50782?
2
What is the hundreds digit of 3990?
9
What is the tens digit of 1747?
4
What is the thousands digit of 5738?
5
What is the thousands digit of 12392?
2
What is the hundreds digit of 1012?
0
What is the thousands digit of 45678?
5
What is the hundreds digit of 360?
3
What is the units digit of 2163?
3
What is the thousands digit of 134706?
4
What is the hundreds digit of 40690?
6
What is the thousands digit of 2407?
2
What is the units digit of 106235?
5
What is the ten thousands digit of 11088?
1
What is the units digit of 11718?
8
What is the ten thousands digit of 92313?
9
What is the units digit of 19480?
0
What is the thousands digit of 1047?
1
What is the tens digit of 20366?
6
What is the units digit of 678?
8
What is the tens digit of 145?
4
What is the tens digit of 36995?
9
What is the tens digit of 772?
7
What is the tens digit of 4678?
7
What is the tens digit of 1361?
6
What is the ten thousands digit of 128182?
2
What is the tens digit of 63102?
0
What is the hundreds digit of 29655?
6
What is the thousands digit of 8336?
8
What is the hundreds digit of 4547?
5
What is the tens digit of 1206?
0
What is the thousands digit of 23456?
3
What is the units digit of 3617?
7
What is the thousands digit of 22532?
2
What is the tens digit of 26943?
4
What is the thousands digit of 101750?
1
What is the units digit of 1220?
0
What is the units digit of 254?
4
What is the units digit of 10072?
2
What is the thousands digit of 1230?
1
What is the units digit of 10407?
7
What is the tens digit of 5773?
7
What is the thousands digit of 116052?
6
What is the ten thousands digit of 54925?
5
What is the tens digit of 197?
9
What is the units digit of 431?
1
What is the hundreds digit of 961?
9
What is the thousands digit of 3840?
3
What is the units digit of 23476?
6
What is the hundreds digit of 3661?
6
What is the hundreds digit of 746?
7
What is the thousands digit of 14424?
4
What is the units digit of 6644?
4
What is the thousands digit of 59833?
9
What is the thousands digit of 102555?
2
What is the hundreds digit of 6813?
8
What is the units digit of 6394?
4
What is the tens digit of 1361?
6
What is the tens digit of 1122?
2
What is the hundreds digit of 554?
5
What is the hundreds digit of 31215?
2
What is the units digit of 20314?
4
What is the tens digit of 24239?
3
What is the tens digit of 8180?
8
What is the hundreds digit of 4132?
1
What is the tens digit of 1426?
2
What is the hundreds digit of 15232?
2
What is the ten thousands digit of 46684?
4
What is the thousands digit of 98964?
8
What is the hundreds digit of 49199?
1
What is the tens digit of 41895?
9
What is the units digit of 568?
8
What is the hundreds digit of 1215?
2
What is the tens digit of 904?
0
What is the thousands digit of 25184?
5
What is the units digit of 747?
7
What is the tens digit of 32117?
1
What is the hundreds digit of 3140?
1
What is the hundreds digit of 2394?
3
What is the tens digit of 1119?
1
What is the ten thousands digit of 49512?
4
What is the tens digit of 32579?
7
What is the thousands digit of 21818?
1
What is the thousands digit of 66923?
6
What is the thousands digit of 1284?
1
What is the ten thousands digit of 36047?
3
What is the units digit of 11068?
8
What is the tens digit of 727?
2
What is the tens digit of 428?
2
What is the units digit of 80450?
0
What is the hundreds digit of 3696?
6
What is the tens digit of 1638?
3
What is the hundreds digit of 45163?
1
What is the tens digit of 30335?
3
What is the units digit of 411?
1
What is the units digit of 21010?
0
What is the tens digit of 2188?
8
What is the ten thousands digit of 27018?
2
What is the tens digit of 366?
6
What is the thousands digit of 4460?
4
What is the thousands digit of 25397?
5
What is the tens digit of 1086?
8
What is the ten thousands digit of 13425?
1
What is the thousands digit of 7872?
7
What is the tens digit of 137317?
1
What is the units digit of 493?
3
What is the tens digit of 18337?
3
What is the units digit of 21548?
8
What is the thousands digit of 12711?
2
What is the thousands digit of 39589?
9
What is the thousands digit of 71115?
1
What is the thousands digit of 9853?
9
What is the hundreds digit of 7488?
4
What is the tens digit of 2642?
4
What is the units digit of 506?
6
What is the tens digit of 748?
4
What is the thousands digit of 1661?
1
What is the hundreds digit of 498?
4
What is the hundreds digit of 3619?
6
What is the units digit of 905?
5
What is the units digit of 96?
6
What is the units digit of 181335?
5
What is the ten thousands digit of 26794?
2
What is the tens digit of 3074?
7
What is the thousands digit of 12728?
2
What is the thousands digit of 11597?
1
What is the tens digit of 3399?
9
What is the tens digit of 43?
4
What is the tens digit of 152019?
1
What is the tens digit of 12384?
8
What is the units digit of 8861?
1
What is the hundreds digit of 82234?
2
What is the thousands digit of 1714?
1
What is the hundred thousands digit of 135951?
1
What is the tens digit of 1013?
1
What is the tens digit of 23063?
6
What is the tens digit of 4083?
8
What is the tens digit of 2564?
6
What is the hundreds digit of 9898?
8
What is the tens digit of 1704?
0
What is the hundreds digit of 6102?
1
What is the hundr